. What is the greatest common divisor of 232 and c?
116
Let w be 234/(-3)*(-7)/6. What is the greatest common divisor of 56 and w?
7
Let g = 22 + 32. Let s = -26 - -53. Calculate the greatest common divisor of s and g.
27
Let c(j) = -j**2 - 1. Let f be c(3). Let x be ((-4)/f)/(8/60). Suppose -3*k = -3*i - 21, x*k - 9 = -0*k - i. Calculate the highest common factor of k and 28.
4
Let j(f) = -3*f + 117. Let h be j(24). Calculate the highest common divisor of h and 105.
15
Let w = -35 - -45. Suppose 2*o = 31 + 7. Suppose -2*h = -11 - o. Calculate the greatest common factor of h and w.
5
Let d be (-177)/(-12)*2 + 3/6. What is the greatest common factor of 900 and d?
30
Let p(a) = 29*a - 152. Let t be p(9). Calculate the highest common factor of t and 327.
109
Let s = -354 - -2914. Calculate the greatest common divisor of 40 and s.
40
Let w = 24 - -10. Suppose -3*o + 90 = -2*c, -3*o + 56 = -c - w. What is the greatest common divisor of 20 and o?
10
Let q = 763 - 683. Calculate the greatest common divisor of 100 and q.
20
Let p(y) = -y**3 - 16*y**2 - y - 13. Let k be p(-16). Calculate the highest common divisor of k and 19.
1
Suppose 0 = 10*d - 8*d + 52. Let y = d + 78. Suppose p + y = 3*p - 3*s, 3*p = -2*s + 52. Calculate the greatest common divisor of p and 20.
20
Suppose -15*k + 567 - 117 = 0. What is the greatest common divisor of k and 270?
30
Let c = -12 - -28. Let x = c - 16. Suppose 3*v = -4*o + 36, 5*v - 4*o + 7*o - 49 = x. Calculate the highest common factor of 88 and v.
8
Let g be 150/(-12 - -17) - 12. Calculate the greatest common divisor of 96 and g.
6
Let c = -747 - -792. What is the greatest common divisor of 825 and c?
15
Let h(k) = k**3 - 19*k**2 - 21*k + 26. Let q be h(20). Let v(t) = 4*t - 34. Let u be v(10). What is the greatest common factor of q and u?
6
Suppose -3*s + 2*q + 34 = 0, -4*q - 13 - 7 = -2*s. Calculate the highest common divisor of 120 and s.
12
Let w(n) = 10*n**2 - 126*n - 18. Let i be w(15). Calculate the greatest common factor of i and 90.
18
Let r(f) = -f**2 + 5*f. Let x be r(3). Let t = x - 3. Suppose -110*m = -109*m - 9. Calculate the greatest common factor of t and m.
3
Suppose h + 2*v + v - 8 = 0, -4*h + 17 = -3*v. Suppose 927 = 21*n + 822. Calculate the greatest common divisor of h and n.
5
Let i = 795 - 731. Suppose -7 = -2*v + 1. Calculate the highest common divisor of v and i.
4
Suppose -10*p - 655 + 5695 = 0. Calculate the greatest common factor of p and 14.
14
Let u(l) = -2*l - l**2 + 0 + 3 + 10*l - 2*l. Let t be u(3). Calculate the highest common divisor of 18 and t.
6
Let s be (-32)/6*15/(-10). Suppose 0*h - 4*h + s = 0. Suppose -2*u - 2*k + 92 = 0, -3*k + k = -h. Calculate the greatest common divisor of 15 and u.
15
Let s be (-6)/1 - (-20678)/49. What is the greatest common divisor of s and 169?
13
Suppose 321*u = 308*u + 624. Calculate the highest common factor of u and 90.
6
Let p = 1215 - 828. What is the highest common divisor of p and 86?
43
Suppose 0 = 2*y + 2*i - 2560, 27*i = 4*y + 28*i - 5120. What is the greatest common factor of y and 30?
10
Suppose a + 2*n = -7, 0 = -5*a - 3*n + 5*n + 13. Let y be (-1)/a - -1 - 0. Suppose y*k - 5*k + 100 = 0. What is the greatest common factor of k and 5?
5
Let z = 4 + 1. Suppose 7*t = z*t + 6. Suppose t*l = l + 4. Calculate the highest common factor of 5 and l.
1
Suppose 11*x = -2768 + 16463. Calculate the highest common divisor of 15 and x.
15
Let c = -50 + 70. What is the highest common divisor of 290 and c?
10
Let w be 2*(-3 + (-156)/(-8)) - -1. Calculate the greatest common divisor of 51 and w.
17
Suppose 4*x - n - n = 120, 2*x = -2*n + 72. Let v(t) = t**2 + 34*t + 172. Let r be v(-28). Calculate the highest common factor of r and x.
4
Suppose 2*t = -k + 84, 20 = 4*t + t. What is the greatest common factor of 342 and k?
38
Let y(t) = 18*t**2 - t + 1. Let h be y(1). Let p be (-328)/(-18) - 4/h. Let k be (6/8)/(9/144*(2 - 0)). What is the highest common divisor of k and p?
6
Let j(r) = 56*r + 309. Let w be j(-4). Calculate the highest common factor of w and 51.
17
Let p(d) be the third derivative of d**6/120 + 11*d**5/60 + d**4/3 + d**3/3 + 3*d**2. Let l be p(-8). Calculate the highest common factor of l and 26.
26
Suppose 2*h + 3*c = h + 19, 2*c - 14 = -h. Suppose -p - h*p = -60. What is the greatest common factor of 12 and p?
12
Let y be ((-224)/84)/((2/(-30))/1). What is the greatest common factor of y and 2?
2
Suppose -6*v + 10*v = 8. Suppose -2*t = -3*g + 3, 0*t + v*g - 2 = 5*t. Suppose t = 6*m - 177 - 327. Calculate the highest common divisor of 28 and m.
28
Let l = 311 + -41. Calculate the highest common divisor of 10 and l.
10
Let l be (-1 + 19)*5/15. Let w(v) = v + 1. Let q be w(3). Suppose 0 = -0*t - q*t + 12. Calculate the greatest common divisor of t and l.
3
Suppose 0 = -6*d - 9413 - 17059. Let l be 4/(-20) + d/(-10). Let x be 4/6*l/6. Calculate the greatest common factor of x and 7.
7
Let c(x) = -x**3 + 7*x**2 + x. Let y be c(7). Suppose -40 = 2*k + 2*k. Let p be 2/k - (-355)/25. Calculate the highest common divisor of p and y.
7
Suppose -7*w = 2*w - 18. Suppose 4*y + 5*g - 47 = 0, -y + 0 = 4*g + w. What is the highest common factor of 12 and y?
6
Let u = 396 + -383. What is the highest common divisor of u and 5?
1
Let n(q) = q**2 - 6*q - 4. Let m be n(8). What is the highest common factor of 15 and m?
3
Suppose 7392 = 6*y + 6*y. Suppose 10*m + y = 18*m. What is the greatest common divisor of 11 and m?
11
Suppose 0 = 30*n - 44649 + 11769. What is the greatest common factor of 8 and n?
8
Let t = -939 - -966. What is the highest common divisor of 117 and t?
9
Let g(c) = c**2 - 23*c + 42. Let a be g(21). Suppose a = 16*f + 58 - 506. Calculate the greatest common factor of f and 7.
7
Suppose 31 = -6*u + 79. Suppose -u*w + 5*w = -144. What is the highest common factor of 36 and w?
12
Suppose 0*j = -5*j. Suppose 0 = 3*x - 2*x - 3, j = -4*s + 3*x - 13. Let c(y) = -22*y. Let u be c(s). Calculate the greatest common divisor of 22 and u.
22
Let p = 34 - 23. Let l be 5*3/((-30)/(-158)) - 2. What is the highest common divisor of p and l?
11
Suppose 3678*h - 113 = 3673*h + 22. Suppose 594 = -0*k + 2*k. Calculate the greatest common divisor of k and h.
27
Let t be ((-110)/(-25))/(2/10) - 1. Suppose f + 4*v = 39, f - t = -v + 12. What is the highest common factor of 248 and f?
31
Suppose 3*b = -22 + 28. Suppose 5*j - 42 + b = 0. Calculate the greatest common factor of j and 64.
8
Let f = 9 + -7. Suppose -u = -c + f, 0 = 4*c + u - 38 + 10. What is the greatest common divisor of c and 15?
3
Let f = 24 + -24. Let v be -3 - (-65 - (f + 2 + -4)). Calculate the greatest common factor of v and 40.
20
Let k = 1414 + -825. Calculate the greatest common divisor of k and 31.
31
Suppose -3*x = 4*u + 2*x - 1, -5*u + 4*x = -32. Suppose 5*l - 3*g - 2*g = 75, u = g. Calculate the highest common factor of 209 and l.
19
Suppose -3*l + 9 = -p - 1, -3*l = -12. Suppose -3*a = m + 2*a - 10, p*m = -2*a + 12. What is the highest common factor of 25 and m?
5
Let l be (-2)/(-15) - (105644/(-165))/28. Calculate the highest common factor of 46 and l.
23
Let s(k) = -2*k**3 + 18*k**2 + 4*k - 50. Let u be s(8). Calculate the greatest common divisor of 242 and u.
22
Let j(p) = -4*p**3 - 2*p**2 - 2*p - 1. Let b = 23 - 24. Let q be j(b). What is the highest common factor of 6 and q?
3
Let m(d) = 16*d + 64. Let y be m(-3). Calculate the highest common divisor of 56 and y.
8
Let s(q) = q**2 + 2*q + 7. Suppose -4*u = -3 - 9. Let f be s(u). Let d = -80 + 146. What is the highest common divisor of f and d?
22
Let g = -867 - -891. Calculate the greatest common divisor of 408 and g.
24
Suppose 9*x - 3*x - 156 = 0. What is the highest common factor of x and 182?
26
Suppose 0 = 59*d - 72*d + 5720. Calculate the highest common factor of d and 5.
5
Suppose 2*h + 2*s = 358, -5*h + 1003 - 78 = -5*s. Calculate the highest common divisor of 42 and h.
14
Suppose -2*m - 55 = -f, f = -2*f - m + 193. Suppose 2*w + s - 153 = 28, -2*w - 5*s + 169 = 0. Let r = w + f. What is the highest common factor of 31 and r?
31
Suppose 3*j + n = -19, -2*j = -n - n + 2. Let q = 2 - j. Let o = q - -5. What is the highest common factor of 84 and o?
12
Let q(j) = j**2 - 3*j + 2. Let f be q(2). Suppose -d + f*d = -3. Le